d by k?
2
Calculate the remainder when 170 is divided by 0 - (-554)/12 - (-67)/(-402).
32
Let s(b) = 7*b - 4. Let t(r) = 1. Let z(i) = s(i) + 2*t(i). Let f be z(1). Let y(c) = -c**2 + 8*c - 9. What is the remainder when 9 is divided by y(f)?
3
What is the remainder when 59 is divided by -13 - -7 - 96/(-2)?
17
Let g be (-2*1/(-2) + -32)*3. Let s = g - -120. What is the remainder when 132 is divided by s?
24
Let y = 57 - 56. What is the remainder when 15 is divided by 8*(3/18 - y/(-3))?
3
Let f = -527 + 307. Let u be 4/14 - f/14. Calculate the remainder when (-15)/(-120) - (-78)/u is divided by 4.
1
Let v = -6 + 6. Suppose -5*y + 216 - 16 = -5*n, v = -5*n. Let u = -2 - -16. What is the remainder when y is divided by u?
12
Let w(h) = 37*h - 1270 + 631 + 639. Let t = 4 + -2. What is the remainder when w(t) is divided by 19?
17
Suppose -m + 15 = -3*q, 0 = -2*m + 5*m + 3*q - 33. Let k = 9 + m. Let c(t) = t**3 - 11*t**2 + 17*t + 21. What is the remainder when k is divided by c(9)?
9
Suppose 3*q - 115 = 5*g, 0 = 2*q + g + 2*g - 102. Calculate the remainder when q is divided by (-4)/(-8) + 15/2.
5
Let u(m) = m**3 - 5*m**2 + 6*m - 3. Let b be u(4). Let r = b - -25. What is the remainder when r is divided by 12 - 8/12*6?
6
Suppose 23*r - 24*r = -77. What is the remainder when r is divided by 20?
17
Let a = 5 - 2. Let l = 7 + 21. Suppose d = -a*d + l. What is the remainder when 19 is divided by d?
5
Let n(s) = 2*s**3 - 47*s**2 + 21*s + 50. What is the remainder when 47 is divided by n(23)?
3
Calculate the remainder when (-2475)/125*(0 + (-20)/6) is divided by 12.
6
Let s = 117 + -62. What is the remainder when 105 is divided by s?
50
Suppose 0 = -708*m + 706*m + 192. Calculate the remainder when m is divided by 3.
0
Suppose -3*f - 6*w = -10*w - 147, f - 4*w = 49. Calculate the remainder when 143 is divided by f.
45
Suppose 96 = 4*z - 80. Suppose 8*n - 6*n - 24 = 0. What is the remainder when z is divided by n?
8
Let i(c) = -2*c + 20. Let o be i(10). Suppose o*d = -4*d + 104. Calculate the remainder when 49 is divided by d.
23
Suppose 4*o + 54 = 5*b, 5*o = -3*b + 7 + 55. Suppose 0 = -g - p - 8 + 22, g + 5*p - b = 0. What is the remainder when g is divided by 5?
4
Let b = -26 - -21. Let q(w) = -w**3 - 2*w**2 + 9*w - 6. Calculate the remainder when 141 is divided by q(b).
21
Let z(p) = p**3 + 7*p**2 + 3*p + 3. Let q be z(-7). Let l = 29 + q. Suppose -6*x - 12 = -10*x. Calculate the remainder when l is divided by x.
2
Suppose 5*q + 50 = -7*l + 2*l, 0 = -2*q + 2. Let k = l - -28. What is the remainder when 32 is divided by k?
15
Suppose 5*k + 48 = 8*k. Calculate the remainder when 269 is divided by k.
13
Let l(q) = q**3 + 3*q**2 - 2*q + 2. Suppose -12 = 5*z + 3. Suppose -4*a + 68 + 24 = 0. What is the remainder when a is divided by l(z)?
7
Let s = 272 - 88. Calculate the remainder when s is divided by 11.
8
Let t = -104 + 83. Let s = 17 - t. Calculate the remainder when s is divided by 14.
10
Let c be 46880/56 - 1/7. Calculate the remainder when ((-2)/3)/((-18)/c) is divided by 11.
9
Suppose 0 = -4*i + 4*o + 76, 94 = 5*i - o - 3*o. Calculate the remainder when 37 is divided by i.
1
Let h(i) = -2*i**3 - 11*i**2 - 7*i - 14. Let s be h(-7). Suppose 0 = 3*v - 4*t - s, 3*v - 184 = 5*t - 0*t. Calculate the remainder when v is divided by 15.
13
Suppose 59*w = 37*w + 7216. What is the remainder when w is divided by 110?
108
Let d(y) = -2*y**2 - 12*y - 20. Let x be d(-6). Let g = 32 + x. What is the remainder when 71 is divided by g?
11
Let n = 8 + 1367. Calculate the remainder when n is divided by 27.
25
Let f be 6/2 + -4 - (-39)/(-3). Let o(w) = -w**3 - 13*w**2 + 15*w + 17. Calculate the remainder when 6 is divided by o(f).
0
Suppose -3*i - 4*a + 29 = 11, a = 3*i - 3. What is the remainder when 8*((-7)/(-4) - 0) is divided by i?
0
Suppose 5*w - 4*w = 5*i + 5, -5*w = 5*i - 25. Suppose -25*x + 29*x - 60 = i. What is the remainder when 102 is divided by x?
12
Suppose -5*k - 6 = 5*y - 3*k, 0 = 5*y - 5*k - 15. Suppose -3*f - g + 141 = 2*g, -4*f - 3*g + 190 = y. What is the remainder when f is divided by 17?
15
Let g(b) = 11*b**3 - 2*b**2 - b + 27. Calculate the remainder when g(4) is divided by 12.
11
Suppose -363 = -5*h - 348. What is the remainder when 139 is divided by h?
1
Suppose 3*i = 3*d - d + 65, -4*i + 115 = 3*d. Suppose -t = -3*h - 28, 9*h - 4*h + i = 0. Let k = -19 + 56. What is the remainder when k is divided by t?
11
Let z(b) = -2*b + 267. Calculate the remainder when z(-20) is divided by 79.
70
Suppose -5*w = -5*n + 1790, 4*n - 3*w - 752 = 680. Calculate the remainder when n is divided by 24.
22
Let w be (-2)/(1 + 1)*6. Let f = w + 0. Calculate the remainder when 17 is divided by (12/(-10))/(f/45).
8
Suppose 2*x = 3*x + 4*z - 42, 0 = -5*z + 5. Suppose 5*q = -2*u + 59, -24 = -5*q + 2*u + 47. What is the remainder when x is divided by q?
12
Suppose -17 = -6*c + 55. Calculate the remainder when 885 is divided by c.
9
Suppose 7*t = 303 + 369. What is the remainder when t is divided by 2?
0
What is the remainder when 135/(-12)*(4 - (-100)/(-15)) is divided by 8?
6
Let i = -9 + 19. Let k(h) = -h**2 - 9*h - 3. Let s be k(-8). Suppose -s*m - 4*y = 2, -2*m + 3*m + 4*y = -i. What is the remainder when 3 is divided by m?
1
Let r = -29 + 44. Let p(b) = -3*b**2 + 10*b - 1. Let o be p(6). Let n = 58 + o. Calculate the remainder when r is divided by n.
6
Let y(s) = -2*s + 33. Let d = 9 - 4. What is the remainder when y(12) is divided by d?
4
What is the remainder when ((-1806)/(-4))/(-7)*30/(-45) is divided by 32?
11
Let f be (-3 - 3)/((60/(-42))/5). Let g = 20 - 7. Let x = f - g. What is the remainder when x is divided by 2?
0
Let u be -1 + 3 - (-2 - 25). Let l = -25 + u. What is the remainder when 19 is divided by l?
3
Let t = -658 - -1586. What is the remainder when t is divided by 308?
4
Let h(v) = 0 + 3*v + 6*v + 1 - 6*v. Let j be h(-3). Let t(g) = -3*g + 5. Calculate the remainder when t(j) is divided by 16.
13
Suppose 0 = a - 3*d + 5, 2*d - 2 = -2*a + 12. What is the remainder when a is divided by 1?
0
Let z = 393 + -367. What is the remainder when z is divided by 15?
11
Let h(c) = -c**3 + 13*c**2 - 9*c - 98. Calculate the remainder when 96 is divided by h(11).
6
Suppose -17 = 4*w - 3*t, 3*t = -3*w - 0*w - 18. What is the remainder when 390/w*(-4)/8 is divided by 14?
11
Let w(p) = -p**3 + 6*p**2 + 8*p + 6. Let z be w(7). Suppose 3*k = 14 + z. Calculate the remainder when k is divided by 6.
3
Suppose -9 = 5*j + 1, d + 4*j = 24. Suppose 0 = -2*m - 4*h - 12, -2*m + 0*m - 6 = 2*h. Calculate the remainder when d is divided by (m + (-4)/(-16))*68.
15
Let b(s) = -s**3 + 23*s**2 - 22*s + 10. Let g be b(22). Suppose 21 = g*v - 3*v. Calculate the remainder when 4 is divided by v.
1
What is the remainder when ((523 - 2) + 0)*(11 - 10) is divided by 21?
17
Let t(c) = c**2 - 17*c + 21. Let w be t(16). Suppose -10 = 2*v, -u - 20 + 7 = w*v. Suppose -2*j = -18 - u. What is the remainder when 57 is divided by j?
12
Let z = 681 - 366. What is the remainder when z is divided by 81?
72
Suppose -2*i - 3*g = i - 114, -15 = 5*g. Let k(w) = 100*w - 2193. Calculate the remainder when i is divided by k(22).
6
Suppose 130*t - 108*t = 1078. What is the remainder when t is divided by 12?
1
Let m be (76 - 15)/(0 + 1). Let p = 87 - m. What is the remainder when 127 is divided by p?
23
Suppose z = 2*f - 18, z - 6 = -f + 6. What is the remainder when 13 is divided by f?
3
Let b be (3 + -2)/(-5 - -4). Let i be b/((-24)/22 + 1). Suppose -2*z + i + 1 = 0. Calculate the remainder when 9 is divided by z.
3
Let o(g) = -8*g - 18. Let a be o(7). Let j = -55 - a. Suppose 6 = 2*c - 64. Calculate the remainder when c is divided by j.
16
Let s be ((-40)/(-12))/(2/312). Suppose -5*x - 5*j = -s, 3*x - 2*j + 103 = 4*x. What is the remainder when x is divided by 36?
33
Let l(n) = -n**3 + 9*n**2 - 4*n + 17. Let h be l(-7). Suppose 12*b = h - 73. Calculate the remainder when b is divided by 11.
8
Let z(q) = q + 9. Let f be z(-8). Suppose -9 = -2*d + f. Suppose -d*p - 3 = x - 53, 2*x + p = 82. What is the remainder when x is divided by 15?
10
Let z = -10 + 8. Let y be (-4)/((-16)/z)*-2. Suppose 0 = 6*b + y - 25. Calculate the remainder when 15 is divided by b.
3
Let x(b) = -11*b**3 - b**2 + b. Let j(r) = -r**3 +